 divided by 796.
792
What is the remainder when 88493 is divided by 49?
48
Calculate the remainder when 26444 is divided by 270.
254
Calculate the remainder when 5259 is divided by 210.
9
Calculate the remainder when 2085378 is divided by 33.
9
Calculate the remainder when 14214 is divided by 4.
2
What is the remainder when 1440 is divided by 257?
155
Calculate the remainder when 18172 is divided by 78.
76
Calculate the remainder when 23633 is divided by 38.
35
Calculate the remainder when 13659 is divided by 4552.
3
Calculate the remainder when 25139 is divided by 60.
59
Calculate the remainder when 1039292 is divided by 3.
2
Calculate the remainder when 4750 is divided by 1129.
234
Calculate the remainder when 453 is divided by 214.
25
Calculate the remainder when 1282231 is divided by 98.
97
What is the remainder when 791 is divided by 738?
53
Calculate the remainder when 59624 is divided by 159.
158
Calculate the remainder when 53357 is divided by 11.
7
Calculate the remainder when 3889 is divided by 3664.
225
Calculate the remainder when 47403 is divided by 1198.
681
What is the remainder when 377 is divided by 271?
106
Calculate the remainder when 59308 is divided by 2694.
40
Calculate the remainder when 34373 is divided by 180.
173
Calculate the remainder when 1950 is divided by 411.
306
What is the remainder when 19387 is divided by 1760?
27
What is the remainder when 359627 is divided by 32?
11
Calculate the remainder when 51903 is divided by 36.
27
Calculate the remainder when 9183 is divided by 213.
24
What is the remainder when 2431 is divided by 127?
18
Calculate the remainder when 186146 is divided by 1178.
22
Calculate the remainder when 38240 is divided by 139.
15
Calculate the remainder when 1460 is divided by 1134.
326
Calculate the remainder when 1583 is divided by 789.
5
Calculate the remainder when 17275 is divided by 326.
323
What is the remainder when 8453 is divided by 89?
87
Calculate the remainder when 110204 is divided by 31.
30
Calculate the remainder when 60346 is divided by 152.
2
Calculate the remainder when 23818 is divided by 1029.
151
What is the remainder when 35423 is divided by 26?
11
What is the remainder when 113164 is divided by 26?
12
Calculate the remainder when 1254 is divided by 298.
62
Calculate the remainder when 11484 is divided by 3828.
0
Calculate the remainder when 920 is divided by 845.
75
Calculate the remainder when 92863 is divided by 150.
13
Calculate the remainder when 1669 is divided by 26.
5
What is the remainder when 8146 is divided by 76?
14
What is the remainder when 19879 is divided by 4966?
15
Calculate the remainder when 1673 is divided by 283.
258
Calculate the remainder when 16800 is divided by 270.
60
Calculate the remainder when 29240 is divided by 308.
288
What is the remainder when 1068 is divided by 3?
0
Calculate the remainder when 414 is divided by 169.
76
Calculate the remainder when 2904 is divided by 101.
76
What is the remainder when 1578 is divided by 193?
34
Calculate the remainder when 4780 is divided by 73.
35
Calculate the remainder when 16719 is divided by 61.
5
What is the remainder when 694200 is divided by 31?
17
What is the remainder when 25935 is divided by 276?
267
What is the remainder when 14463 is divided by 6196?
2071
What is the remainder when 5634 is divided by 2817?
0
What is the remainder when 8402 is divided by 2100?
2
What is the remainder when 19472 is divided by 6?
2
What is the remainder when 548351 is divided by 91390?
11
What is the remainder when 387239 is divided by 268?
247
Calculate the remainder when 1552 is divided by 119.
5
What is the remainder when 43652 is divided by 121?
92
Calculate the remainder when 3017 is divided by 863.
428
What is the remainder when 24412 is divided by 199?
134
Calculate the remainder when 49201 is divided by 35.
26
Calculate the remainder when 69640 is divided by 3665.
5
What is the remainder when 2199 is divided by 2177?
22
Calculate the remainder when 1645 is divided by 138.
127
What is the remainder when 955942 is divided by 187?
185
Calculate the remainder when 1198941 is divided by 197.
196
Calculate the remainder when 2982 is divided by 26.
18
What is the remainder when 459284 is divided by 15?
14
Calculate the remainder when 46092 is divided by 46040.
52
What is the remainder when 2256 is divided by 141?
0
What is the remainder when 558 is divided by 12?
6
Calculate the remainder when 20406 is divided by 1700.
6
What is the remainder when 7135 is divided by 4?
3
Calculate the remainder when 8169 is divided by 1478.
779
Calculate the remainder when 508 is divided by 85.
83
What is the remainder when 8541 is divided by 1412?
69
Calculate the remainder when 6997 is divided by 870.
37
What is the remainder when 2727448 is divided by 174?
172
What is the remainder when 23488 is divided by 283?
282
Calculate the remainder when 632911 is divided by 90415.
6
Calculate the remainder when 268551 is divided by 33.
30
Calculate the remainder when 1972 is divided by 336.
292
What is the remainder when 3073 is divided by 2290?
783
Calculate the remainder when 454765 is divided by 88.
69
What is the remainder when 29593 is divided by 14?
11
What is the remainder when 1123 is divided by 315?
178
What is the remainder when 5839 is divided by 2705?
429
What is the remainder when 6230 is divided by 207?
20
What is the remainder when 7950 is divided by 794?
10
What is the remainder when 2183 is divided by 275?
258
What is the remainder when 10556 is divided by 90?
26
What is the remainder when 5845 is divided by 34?
31
Calculate the remainder when 16498 is divided by 109.
39
What is the remainder when 440766 is divided by 71?
69
Calculate the remainder when 731 is divided by 503.
228
What is the remainder when 1045 is divided by 346?
7
What is the remainder when 9557 is divided by 595?
37
What is the remainder when 832 is divided by 608?
224
What is the remainder when 4791 is divided by 240?
231
Calculate the remainder when 36399 is divided by 627.
33
What is the remainder when 73261 is divided by 2220?
1
What is the remainder when 25035 is divided by 124?
111
Calculate the remainder when 259232 is divided by 86406.
14
What is the remainder when 2005 is divided by 294?
241
What is the remainder when 298188 is divided by 1400?
1388
Calculate the remainder when 563 is divided by 254.
55
Calculate the remainder when 17889 is divided by 14.
11
What is the remainder when 2763 is divided by 977?
809
What is the remainder when 103865 is divided by 1854?
41
Calculate the remainder when 6120 is divided by 146.
134
What is the remainder when 6154 is divided by 683?
7
Calculate the remainder when 14449 is divided by 760.
9
Calculate the remainder when 32742 is divided by 15.
12
What is the remainder when 5601 is divided by 79?
71
Calculate the remainder when 1144958 is divided by 64.
62
Calculate the remainder when 6387 is divided by 19.
3
What is the remainder when 16681 is divided by 45?
31
What is the remainder when 327840 is divided by 37?
20
What is the remainder when 2976 is divided by 1437?
102
Calculate the remainder when 11499 is divided by 217.
215
What is the remainder when 23130 is divided by 182?
16
What is the remainder when 130153 is divided by 5?
3
Calculate the remainder when 766425 is divided by 204.
201
Calculate the remainder when 19739 is divided by 1784.
115
What is the remainder when 1605 is divided by 269?
260
What is the remainder when 775 is divided by 280?
215
Calculate the remainder when 322502 is divided by 56.
54
Calculate the remainder when 270657 is divided by 63.
9
What is the remainder when 694 is divided by 365?
329
What is the remainder when 21834 is divided by 17?
6
What is the remainder when 521819 is divided by 9?
8
Calculate the remainder when 8770 is divided by 81.
22
What is the remainder when 297 is divided by 36?
9
Calculate the remainder when 35847 is divided by 320.
7
What is the remainder when 40407 is divided by 169?
16
What is the remainder when 785 is divided by 364?
57
What is the remainder when 3569 is divided by 93?
35
Calculate the remainder when 24599 is divided by 1721.
505
What is the remainder when 18994 is divided by 59?
55
Calculate the remainder when 9216 is divide